) = -26*h - 28. Let z be -11*130/(-110) - 16. Give m(z).
50
Let j(s) be the second derivative of s**2 - 1/12*s**4 + 11*s + 0 + 1/2*s**3. What is j(4)?
-2
Let t(b) = -1059 + 2147 - 1067 - 16*b + 31*b + 2*b**2. What is t(-6)?
3
Let m be 6/(-3) - (-4 + 5)*-29. Let h(j) = -3 - 6*j**2 + 4 - 28*j**2 + m*j**2. Calculate h(-1).
-6
Suppose -5*i + 2*i = 2*o - 565, -4*o = 2*i - 382. Suppose -4*b - 80 = -m, -2*b - i = -2*m - 3*b. Let h(g) = g - 8*g - m + 89 - g**2. Calculate h(-5).
7
Let z(u) = u + 5. Let g(t) = -8. Let b(v) = -2*g(v) - 3*z(v). Let m(x) = -6*x + 9. Let j(a) = 5*b(a) - 2*m(a). Determine j(-4).
-1
Suppose v = -6 + 7. Let q = 186 - 185. Suppose v - q = -3*c. Let b(y) = -y**3 + y**2 + y + 5. What is b(c)?
5
Let a(b) be the third derivative of b**5/60 - b**3/6 + 1476*b**2. What is a(4)?
15
Suppose 0 = 12*u + u - 65. Let p(l) = 2*l - 4 - 3 + 9 - u + 2*l**2. Give p(-3).
9
Let s(m) = -m**2 - 8*m + 6. Suppose -53*c + 552 = -169*c - 376. Give s(c).
6
Let u(g) = 3*g. Let h be u(2). Let d be 3*(1 + (-10)/h). Let z(p) = -p**3 - 2*p**2 - 261*p - 2. Let v(a) = 53*a + 1. Let t(m) = -5*v(m) - z(m). Determine t(d).
5
Let h = -719 + 730. Suppose 28*d = 39 - h. Let c(i) = -16*i**2 + 2*i - 1. Calculate c(d).
-15
Let j(z) be the first derivative of -z**3/3 - 7*z**2/2 - 3*z + 1804. Calculate j(-6).
3
Let v(r) be the second derivative of -r**5/20 + 2*r**4/3 - 5*r**3/3 - 2*r**2 + 1191*r. Let n = -41 - -47. Give v(n).
8
Let m be (-4)/18 - (-13 + 1221/(-27)). Suppose -m*c + 50*c = -8. Let k(o) = 7*o**3 + 2*o**2 - 3*o + 2. Give k(c).
8
Let x(r) = -6*r + 12 - 45*r**2 + 95*r**2 - 24*r**2 - 27*r**2 + 25*r. Give x(19).
12
Let m be -9 + (-2)/(2 + 0) + (99 - 94). Let w(b) = b**3 + 5*b**2 + 2*b + 21. Determine w(m).
11
Let y(q) be the third derivative of 0*q + 1/3*q**4 + 7*q**2 + 1/60*q**5 + q**3 + 0. Suppose -2*w = 4 + 2, 2*o + 2*w = -20. Give y(o).
-1
Let l be (-8468)/(-174) - 2/3. Suppose 7*i + 97 = l. Let v(s) = 3*s**3 + 7*s**2 + 3*s + 3. Let t(b) = -b**3 - b - 1. Let h(q) = 2*t(q) + v(q). Give h(i).
-6
Let q(h) = 3*h + 1. Let t be -3 + 3 - -3 - (-1 + 3). Let c(w) = 15*w + 5. Let u(i) = t*c(i) - 6*q(i). Determine u(-6).
17
Let h(v) = -22*v**3 + 3*v - 3. Let u(y) = 285*y**3 - 38*y + 38. Let o(t) = 38*h(t) + 3*u(t). Let c be (8 + -4)*(-1)/2. Let g be 4/c - (-6)/6. Give o(g).
-19
Let y(z) be the second derivative of -z**5/20 + 2*z**4/3 + 5*z**3/3 - 8*z**2 + 4*z + 29. Calculate y(9).
-7
Let x(g) = g + 12. Let w(f) = f**3 + 5*f**2 - 10*f + 13. Let v be w(-7). Let u(t) = 2*t + 8. Let o be u(-6). Let j be v/2*(-3)/(18/o). What is x(j)?
7
Let o(l) = l**2 + l + 10. Let d(k) = -52*k + 1399. Let f be d(27). Determine o(f).
30
Let m(p) = 6*p - 2. Let q(j) = -87*j - 589. Let n(l) = 309*l + 2061. Let h(t) = -5*n(t) - 18*q(t). Let i be h(-14). Determine m(i).
16
Let a(o) = 5*o**2 + 4*o - 5. Let f(n) = -n + 10. Let i be f(5). Let l(p) = 1 + 5 + 0*p**2 - i*p - 6*p**2. Let c(u) = 4*a(u) + 3*l(u). Give c(-2).
4
Let f(p) be the third derivative of p**5/10 - p**3/6 - 2*p**2. Suppose 0 = 13*u - 2859 + 337. Let g = u - 192. Give f(g).
23
Suppose -d = -4*b + 5, -5*d - 5*b = -d - 1. Let i be (21/6 - 0)*2/d. Let y(m) = -m**3 - 8*m**2 - 9*m - 4. Give y(i).
10
Let u = 6650 - 6640. Let c(k) = k**2 - 10*k - 8. Give c(u).
-8
Let u(n) = 3 - 3*n - 3*n**3 - 2 + n. Suppose 8*k = 90 + 14. Suppose -k + 7 = -6*h. Give u(h).
-4
Suppose -2*x - 9 = -19. Let r(v) = 2*v - 11. Let h be r(x). Let u(z) = -2*z**2 - 2*z - 1. What is u(h)?
-1
Let j be (0 - 33/(-6))/((-1)/2). Let n(p) be the first derivative of -p**4/4 - 11*p**3/3 - 9*p + 15. What is n(j)?
-9
Let f be ((-5)/15)/((-2)/12). Let b = 49 - 46. Suppose 2 = 2*w - f*k, -k - b*k = -5*w + 5. Let l(a) = -a - 1. Determine l(w).
-2
Let a be 4122/198 - (-4)/22. Let u = 23 - a. Let j(c) = -5*c - 9*c**3 + 2*c**u + 4*c - 1 + 10*c**3. Determine j(-3).
-7
Let p(n) = -n**2 - 2*n + 5. Let w(a) = a**2 - 23*a - 54. Let c be w(25). Give p(c).
-3
Let a(f) = -f**2 + 417*f + 3812. Let z be a(-9). Let b(t) = 8*t + 208. What is b(z)?
32
Let f(h) = 1458*h + 6*h**2 + 7 - 1471*h + 3. Let a(c) = -c**2 + c - 1. Let n be (-7)/(-3) - 2 - (-6)/9. Let j(u) = n*f(u) + 5*a(u). Determine j(6).
-7
Let p(n) = -n**3 + 53*n**2 - 96*n - 319. Let c be p(51). Let y(m) = -4*m - 36. Determine y(c).
16
Let f(o) = 9*o**3 + o**2 - 1. Let c(j) = -j**3 + 13*j**2 + 24*j + 8. Let v be c(14). Let b = -149 + v. Determine f(b).
-9
Let c(y) = 6*y + 12. Suppose -3*d + 18 = -8*i + 4*i, 5*i + 2*d + 11 = 0. Give c(i).
-6
Let s(a) = a**2 - 9*a - 4. Let i be s(8). Let g be (i/30)/(3/(-15)). Let j(h) = -8 + h**3 + 4 - 9*h + 3*h - 5*h**g. What is j(6)?
-4
Let p(b) be the third derivative of b**6/720 - b**5/120 + b**4/12 - 4*b**3 + 14*b**2 + 3. Let m(y) be the second derivative of p(y). Give m(-7).
-8
Suppose i - 61 = 5*j, 173*j + 36 = 169*j + 4*i. Let z(f) = -27*f - 371. What is z(j)?
-20
Let g(q) = -2*q - 2951 - q**3 + 5871 + 29*q**2 - 2864. What is g(29)?
-2
Let f(w) = -w**2 - 3*w + 5. Suppose -15*z + 16 = -13*z. Let h be (-2172)/60 - (z/10 - 1). Let j = h + 32. Give f(j).
1
Let x(c) = -5*c - 1. Suppose -45*o + 38*o = 119. Let z(i) = -14*i. Let q(d) = o*x(d) + 6*z(d). Give q(-18).
-1
Let t be 2/(-3) + (-1)/3. Let r(s) be the first derivative of s**5/20 + s**3/6 + 50*s**2 - 143. Let y(d) be the second derivative of r(d). What is y(t)?
4
Suppose -4*c + c - 12 = 0. Let j(o) = -6*o - 3*o - 20 + o + 13 - 1 + 12. Give j(c).
36
Let j(x) = x**2 + 2. Let q(t) = -4*t**2 - 4 + 11 + 9*t**2 + 13 - 5*t - 7. Let l(d) = -4*j(d) + q(d). Determine l(4).
1
Let q(n) = 6*n + 2. Suppose 36 = -4*o - 5*g, 176*o - 172*o = -3*g - 28. Determine q(o).
-22
Let k(w) = -w**2 - 5*w + 1. Let u(h) = h**2. Let y(q) = -9*q**2 - 15*q + 2. Let s(t) = 5*u(t) + y(t). Let p(b) = -7*k(b) + 2*s(b). Calculate p(4).
1
Suppose 3*y = -y + 12. Let b(q) = -86*q**3 - 95*q**2 - 8*q - 1. Let l(s) = -194*s**3 - 213*s**2 - 17*s - 2. Let h(t) = 9*b(t) - 4*l(t). What is h(y)?
14
Suppose 4*w + v - 106 = 0, 0 = 39*w - 44*w + 4*v + 101. Let z(m) = m**3 - 25*m**2 - m + 18. What is z(w)?
-7
Suppose 5*s + 0 = -3*q + 24, 3*s - 21 = -4*q. Let t(v) = 6*v - q - 5*v - 1. Give t(9).
5
Let c = -247 + 370. Suppose 9 = c*t - 122*t. Let f(o) = -o**2 + 10*o - 2. Give f(t).
7
Let k(p) be the second derivative of -p**7/504 + p**6/360 - p**5/120 - p**4/6 - 8*p**3/3 - 2*p - 48. Let q(u) be the third derivative of k(u). Determine q(1).
-4
Suppose 4*y = 2*y - 12. Let m = 405 - 402. Let c(h) = 12 + 10 + m*h - h - 15. Determine c(y).
-5
Suppose 2*s + 1 = 5. Let y = 1259 - 193. Let c(j) = 1 + 358*j + 352*j + 355*j - y*j. What is c(s)?
-1
Let d = 7402 + -7396. Let l(j) = j**3 - 10*j**2 + 8*j - 7. What is l(d)?
-103
Let p(y) = y**3 + 17*y**2 + 16*y + 17. Let t = 4961 + -4977. What is p(t)?
17
Suppose 0 = 18*p + 317 - 47. Let g(y) = -y**2 - 16*y - 34. Give g(p).
-19
Let s(c) = 32*c + 103. Suppose -37 = -k + 5*w, -40*k - w - 20 = -36*k. Give s(k).
7
Let c(d) = 295*d**2 + 2*d. Let o be c(1). Suppose -o*p = -292*p. Let u(q) = p + 86*q - q**2 - 85*q + 4. What is u(-3)?
-8
Suppose 3*o = -18 - 12. Let m = 17 + o. Let q(f) = f**3 - 6*f**2 + 5*f - 7. Let s(t) = -t**2 + 2*t - 1. Let w(r) = q(r) + 2*s(r). Determine w(m).
5
Let p(q) be the first derivative of 13*q**2 + 101*q + 615. Give p(-4).
-3
Let j(c) = -c**2 - 6*c + 2. Let k(i) = i**3 - 7*i**2 - 2*i + 8. Let g be 177/24 - 3/8. Let r be k(g). Calculate j(r).
2
Let z(h) = 118*h - 589. Suppose -5*y = 4*k, 730*k - 729*k = 3*y + 17. What is z(k)?
1
Suppose 34 = 7*p + 20. Let z(w) = -1 - 3 - 1 - p*w + w. Calculate z(-5).
0
Let y(v) = -2*v - 29. Suppose 21*w + 76*w = 14*w + 1328. Give y(w).
-61
Let x(t) = -107*t - 20. Let h(f) = 260*f + 41. Let c(b) = 2*h(b) + 5*x(b). Determine c(-4).
42
Suppose 505 - 521 = -8*x. Let w(m) = -2*m**2 - 4 + 0*m**2 - m**3 + 5*m**x - 10*m + 5*m**2 + m**2. Calculate w(8).
-20
Let y(s) = -6*s**2 + 1058*s - 10 + 18*s**2 - 1049*s - 8*s**3 - 12*s**2. What is y(1)?
-9
Let w(u) = -7*u + 939. Let m(j) = -3*j + 417. Let k(l) = 9*m(l) - 4*w(l). Let x be 6 - (-2)/4*-4. Suppose -x - 2 = -2*v. Calculate k(v).
0
Let g(q) = 6*q**2 + 72 - 165 + 78 - 7*q**2. Give g(-9).
-96
Let d be (4/6 + 2)/(42/63). Let b(i) = -3*i**2 + 8*i. Let j(k) = -4*k**2 + 9*k + 1. Let z(v) = d*j(v) - 5*b(v). What is z(-5)?
-1
Let c(i) = 89*i - 177*i + 90*i - 4. Let o(w) 